.
3
Let x = -96 + 62. Let j be -2 - (1 - -2)*1/3. Let f be (j - x/10)*45. What is the greatest common divisor of 12 and f?
6
Let q be (182/(-39))/((-1)/9). Calculate the greatest common factor of q and 1386.
42
Let g = 369 - 373. Let z be 6 - g*8/16. Let k be (3 - 15)/(3/(-2)). Calculate the greatest common factor of z and k.
8
Suppose 4*b + 386 = 2*p, -p = b - 169 - 36. Suppose 0 = -14*c + 107 + p. What is the highest common divisor of 550 and c?
22
Let v = 21150 - 20958. Calculate the greatest common factor of 2256 and v.
48
Let n = 1432 - 812. Suppose 4*v - n = -2*l + 190, -2*v + 3*l + 385 = 0. What is the highest common factor of v and 40?
40
Suppose 4*x + 5*t = 3614, -3*x + 7341*t = 7340*t - 2682. Calculate the highest common divisor of x and 16.
16
Let n be 8/(-6) + 3/9 + 3. Suppose -4*t + 91 = 3*j + t, j - 23 = n*t. Calculate the highest common factor of 297 and j.
27
Let j(w) = 7*w - 23. Let o be j(5). Suppose -13 = -3*u + 5*r + o, r = -5*u + 23. Suppose -22 = -6*p + u*p. Calculate the greatest common factor of p and 33.
11
Suppose -5*p + v = -0*p - 2283, 2*p + 2*v - 918 = 0. Let u = -421 + p. Calculate the highest common factor of 6 and u.
6
Suppose 332 = 2*p - 2*n, 191*p - n + 478 = 194*p. What is the greatest common factor of p and 345?
23
Suppose 77*d - 73*d - 2*q - 1822 = 0, -1369 = -3*d - q. What is the highest common factor of 8 and d?
8
Suppose -20*l + 14332 = -5612 - 1816. What is the highest common divisor of 204 and l?
68
Suppose 42761 = 11*g - 120862 + 7324. What is the highest common factor of g and 13?
13
Let v be (1 + -3)/(28/70). Let s(h) = -22*h - 92. Let d be s(v). Calculate the highest common factor of d and 81.
9
Suppose -3*j = 205 - 1102. Let z = -39 + j. Calculate the greatest common divisor of z and 20.
20
Let f(z) = -16*z - 164. Let y be f(-12). Let d = y - -11. Suppose 247 = -3*o + 1534. Calculate the greatest common divisor of d and o.
39
Suppose 52*y - 25955 = 8209. What is the greatest common divisor of 6 and y?
3
Let m be (4 + 0)/(128/96). Suppose -l + 2 = 0, m*s + 3 = l + 40. What is the greatest common factor of 416 and s?
13
Let u = -95964 - -95991. Let o be 2/3*(245 - 2). Suppose -4*l + l + o = 0. Calculate the highest common divisor of l and u.
27
Suppose 9*q = 2*q + 2072. Let h = q + -257. What is the highest common factor of 117 and h?
39
Let i(h) = h + 9. Let c be i(-7). Suppose -15 - 17 = -c*x. What is the greatest common factor of x and 12?
4
Let v = 978 - 770. Calculate the highest common factor of v and 104.
104
Suppose -5*v + 4*b = -2108, 3*b = -11*v + 6*v + 2094. Calculate the highest common divisor of 315 and v.
105
Suppose 3 = 2*x + 3*m, -16 = 4*x - 2*m + 18. Let p be (-2)/2 - x - 0. Suppose -z = -5, 2*w - 73 = -0*z - p*z. Calculate the greatest common divisor of 32 and w.
8
Let k(z) = z + 21. Let h be k(-5). Let l be ((-282)/4 - -14)*-32. Calculate the highest common divisor of l and h.
16
Suppose -9*j + 12*j - 78 = 4*c, -5*c + 4*j - 98 = 0. Let t be ((-30)/c - 2)/(1/(-33)). What is the greatest common factor of t and 759?
11
Suppose 570*x + 7350 = 584*x. Let z be 50/x - 12218/(-42). What is the greatest common divisor of z and 388?
97
Suppose -5*r = -5*c + 5730, -c + 1290 - 126 = 2*r. Calculate the greatest common divisor of c and 162.
18
Suppose 4*p = -5*u + 2031, 3*p + 156*u - 154*u = 1532. Calculate the highest common factor of p and 38.
2
Let g(x) = 66*x**2 + 2. Let s be g(-2). Suppose -268*h = -s*h - 68. Calculate the highest common divisor of h and 85.
17
Suppose -47*g + 2395 = 3322 - 16155. Calculate the greatest common divisor of 1539 and g.
81
Suppose 3*k - 845 = -866, 0 = 4*d + 3*k - 11. Suppose 2*n - l - 509 = 0, 227 + 1044 = 5*n - 3*l. What is the greatest common divisor of d and n?
8
Let q(c) = 3*c**2 - 10*c + 17. Let o be q(4). Suppose y = -4*w + 102, 5*w + 4*y - 119 = 7*y. Calculate the greatest common divisor of o and w.
25
Let a = 861 - 1457. Let o = -586 - a. Suppose -4*h = -3*r + 4*r - 436, -h + r = -114. What is the highest common divisor of o and h?
10
Let s(k) = k**3 - 7*k**2 - 14*k + 39. Let c be s(6). Let x be (-40)/30*c/6. What is the highest common divisor of x and 18?
18
Suppose 4*x - 10 = k, -6*x + 2 = -9*x - 4*k. Suppose -d - 248 + 31 = -3*s, -x*s - 4*d + 168 = 0. Calculate the highest common divisor of 666 and s.
74
Let i(h) = h + 27. Let l be i(-10). Let a(o) = o**3 + 8*o**2 - 61*o - 15. Let s be a(5). What is the highest common factor of s and l?
1
Let u = 233 + -218. Let f = 1889 - 929. What is the greatest common divisor of u and f?
15
Let g = 12 + 3. Let l be ((-16371)/g)/(-3) + (-1)/(-5). Suppose 4*o = -5*z + l, -2*o + 3*z + 204 = -0*o. What is the highest common divisor of 12 and o?
12
Suppose 19*p - 13*p = -288. Let o = p - -50. Suppose 0 = 4*j - 3*r - 61, o*r - 24 + 71 = 3*j. Calculate the greatest common factor of j and 209.
19
Let w(j) = 66*j - 32 + 0 - 75*j. Let l be w(-4). Suppose -4*s + 8 = 0, -5*z + 283 = -s + 65. What is the greatest common divisor of l and z?
4
Suppose -4*y = -8*x + 10*x - 438, -2*x + 3*y + 438 = 0. What is the highest common factor of 23871 and x?
219
Suppose 4*p + 44 = 2*d, -2*d - 4*p = -d - 40. Suppose -6*v + 441 + 147 = 0. Calculate the highest common divisor of d and v.
14
Let d be 0*2/6*3. Let l(g) = -g**2 + 12. Let w be l(d). Let c be (2 + 122/(-5))*-5 + -4. Calculate the highest common factor of c and w.
12
Suppose -3*q + 298 = p + 1337, 0 = -3*q - 3*p - 1041. Let j = -282 - q. Calculate the highest common divisor of 8 and j.
8
Let d be 5*(-126)/(-90) - (-1671 + 4). Calculate the greatest common divisor of 54 and d.
54
Let s be ((-38443)/(-74))/(1/80). What is the highest common divisor of 80 and s?
40
Suppose -13*j + 165 = -2*j. Let a be ((-20)/j + 1)*-102. Let h(p) = -43*p - 1. Let b be h(-2). What is the greatest common divisor of a and b?
17
Suppose 5*f = -j + 148, 5*j - 226 = -4*f + 598. What is the greatest common factor of j and 396?
12
Let w be 35/((-1260)/(-24)) + (-1054)/(-3). Calculate the highest common divisor of 3104 and w.
32
Suppose 5*n - 1164 = -2*o + 11378, -3*n = 6. Calculate the greatest common factor of 12 and o.
12
Suppose 5*n + 0*n - 700 = 0. Let i(h) = -71*h + 446. Let y be i(6). Calculate the greatest common divisor of y and n.
20
Let t be -3 + (8 - -3 - (-2 + 7)). Let g be t + 0/(30/6). Calculate the highest common factor of g and 1.
1
Suppose -4*m + 22 = 2*u - u, u = -2*m + 14. Let l be (126252/66)/u + 4/22. Calculate the greatest common divisor of 33 and l.
11
Let n(x) = x**3 + 35*x**2 + 20*x - 320. Let i be n(-34). Calculate the greatest common divisor of 2249 and i.
13
Suppose 5*u - l = 88, 3*l + l + 97 = 5*u. Suppose u = -8*r - 7. Let p(y) = 6*y**2 - 2*y. Let t be p(r). Calculate the greatest common factor of t and 150.
30
Let j = 16651 + -16629. Suppose 4*o = -x - 7, 4*x = o + 3*o + 12. Calculate the greatest common divisor of j and x.
1
Let z = -15706 - -15902. Calculate the highest common divisor of z and 63.
7
Let l be -2 - (-26 + 2)/2. Let w be (-242)/(-66)*36/66. What is the greatest common factor of l and w?
2
Let x = -49 + 147. Let b = 5790 + -5776. What is the greatest common factor of b and x?
14
Suppose 5*l + 5 - 45 = 0. Let h be (l/12)/((-6)/(-63)). Suppose t - 1 = r, 5*t - 4*r + 3*r = 9. Calculate the highest common divisor of h and t.
1
Let p = -4 - -15. Let t(a) = 38*a - 5. Let z = -73 - -74. Let n be t(z). Calculate the greatest common divisor of p and n.
11
Let z = -347 - -367. Let d be 4/((-4)/6 + z/21). What is the highest common factor of 2 and d?
2
Let p(o) = -4*o**3 + 26*o**2 + 18*o + 9. Let b be p(7). Calculate the highest common factor of 1147 and b.
37
Let v be (-356)/(-890) + 4766/10. What is the highest common factor of v and 18?
9
Let o = -2315 - -3205. Calculate the highest common factor of o and 40.
10
Suppose 3*c - 3*g + 375 = 0, -4*c - 2*g + 81 = 557. Let n = c + 181. Suppose n = -0*v + 5*v. Calculate the highest common divisor of v and 84.
12
Let c = -116 - -118. Suppose -245 = -5*j - 4*g, -c*j + 68 = -j - 3*g. What is the greatest common divisor of 212 and j?
53
Suppose 5*m - 3*d = 385, 2*d - 3 = 7. Suppose 0 = -74*p + 64*p - 15850. Let j = p + 1625. What is the highest common divisor of j and m?
40
Suppose 2*z + c - 15 = 32, 3*z - 63 = -3*c. Suppose